203.208.60.43 - - [11/Jan/2009:04:02:43 +0800] "GET /sns/space-13563-do-friend-view-me.html HTTP/1.1" 200 5162 "-" "Mozilla/5.0 (compatible; Googlebot/2.1; +http://www.google.com/bot.html)"
202.160.178.21 - - [11/Jan/2009:04:02:44 +0800] "GET /sns/space.php?uid=323 HTTP/1.0" 200 7535 "-" "Mozilla/5.0 (compatible; Yahoo! Slurp China; http://misc.yahoo.com.cn/help.html)"
61.135.168.22 - - [11/Jan/2009:04:02:45 +0800] "GET /bbs/thread-7303-1-1.html HTTP/1.1" 200 8450 "-" "Baiduspider+(+http://www.baidu.com/search/spider.htm)"
65.55.109.46 - - [11/Jan/2009:04:02:56 +0800] "GET /sns/space-5755-do-blog-view-me.html HTTP/1.0" 200 4524 "http://search.live.com/results.aspx?q=hacken" "Mozilla/4.0 (compatible; MSIE 6.0; Windows NT 5.2; SV1; .NET CLR 1.1.4322)"
65.55.109.46 - - [11/Jan/2009:04:02:56 +0800] "GET /sns/source/script_common.js HTTP/1.0" 200 14188 "http://www.seowhy.com/sns/space-5755-do-blog-view-me.html" "Mozilla/4.0 (compatible; MSIE 6.0; Windows NT 5.2; SV1; .NET CLR 1.1.4322)"
61.135.168.22 - - [11/Jan/2009:04:02:56 +0800] "GET /bbs/thread-7259-1-1.html HTTP/1.1" 200 9287 "-" "Baiduspider+(+http://www.baidu.com/search/spider.htm)"
65.55.220.217 - - [11/Jan/2009:04:02:56 +0800] "GET /robots.txt HTTP/1.1" 200 444 "-" "msnbot-media/1.1 (+http://search.msn.com/msnbot.htm)"
65.55.109.46 - - [11/Jan/2009:04:02:57 +0800] "GET /sns/source/script_menu.js HTTP/1.0" 200 7219 "http://www.seowhy.com/sns/space-5755-do-blog-view-me.html" "Mozilla/4.0 (compatible; MSIE 6.0; Windows NT 5.2; SV1; .NET CLR 1.1.4322)"
202.160.178.21 - - [11/Jan/2009:04:02:57 +0800] "GET /sns/cp.php?ac=poke&op=send&uid=9814 HTTP/1.0" 200 2909 "-" "Mozilla/5.0 (compatible; Yahoo! Slurp China; http://misc.yahoo.com.cn/help.html)"
65.55.220.217 - - [11/Jan/2009:04:02:57 +0800] "GET /ucenter/avatar.php?uid=12373&size=small&type=virtual HTTP/1.1" 301 - "-" "msnbot-media/1.1 (+http://search.msn.com/msnbot.htm)"
221.194.136.51 - - [11/Jan/2009:04:02:57 +0800] "GET /bbs/my.php?item=buddylist&newbuddyid=4943&buddysubmit=yes HTTP/1.1" 200 3477 "-" "Mozilla/4.0 (compatible; MSIE 6.0; Windows NT 5.1; CollapsarDEEP)"
65.55.109.46 - - [11/Jan/2009:04:02:57 +0800] "GET /sns/source/script_ajax.js HTTP/1.0" 200 13074 "http://www.seowhy.com/sns/space-5755-do-blog-view-me.html" "Mozilla/4.0 (compatible; MSIE 6.0; Windows NT 5.2; SV1; .NET CLR 1.1.4322)"
65.55.220.217 - - [11/Jan/2009:04:02:58 +0800] "GET /ucenter/data/avatar/000/01/23/73_avatar_small.jpg HTTP/1.1" 200 1797 "-" "msnbot-media/1.1 (+http://search.msn.com/msnbot.htm)"
65.55.109.46 - - [11/Jan/2009:04:02:58 +0800] "GET /sns/source/script_face.js HTTP/1.0" 200 2761 "http://www.seowhy.com/sns/space-5755-do-blog-view-me.html" "Mozilla/4.0 (compatible; MSIE 6.0; Windows NT 5.2; SV1; .NET CLR 1.1.4322)"
222.62.98.44 - - [11/Jan/2009:04:02:58 +0800] "GET /bbs/ HTTP/1.1" 200 7070 "http://www.seowhy.com/edu/" "Mozilla/4.0 (compatible; MSIE 7.0; Windows NT 5.1; Mozilla/4.0(Compatible Mozilla/4.0(Compatible-EmbeddedWB 14.58 http://bsalsa.com/ EmbeddedWB- 14.58 from: http://bsalsa.com/ ; Mozilla/4.0(Compatible RogueCleanerEmbeddedWB- 14.58 from: http://bsalsa.com/ ; .NET CLR 1.1.4322; .NET CLR 2.0.50727; .NET CLR 3.0.04506.30)"
222.62.98.44 - - [11/Jan/2009:04:02:58 +0800] "GET /bbs/forumdata/cache/style_2_common.css HTTP/1.1" 304 - "http://www.seowhy.com/bbs/" "Mozilla/4.0 (compatible; MSIE 7.0; Windows NT 5.1; Mozilla/4.0(Compatible Mozilla/4.0(Compatible-EmbeddedWB 14.58 http://bsalsa.com/ EmbeddedWB- 14.58 from: http://bsalsa.com/ ; Mozilla/4.0(Compatible RogueCleanerEmbeddedWB- 14.58 from: http://bsalsa.com/ ; .NET CLR 1.1.4322; .NET CLR 2.0.50727; .NET CLR 3.0.04506.30)"
65.55.109.46 - - [11/Jan/2009:04:02:58 +0800] "GET /sns/source/script_manage.js HTTP/1.0" 200 5126 "http://www.seowhy.com/sns/space-5755-do-blog-view-me.html" "Mozilla/4.0 (compatible; MSIE 6.0; Windows NT 5.2; SV1; .NET CLR 1.1.4322)"
222.62.98.44 - - [11/Jan/2009:04:02:59 +0800] "GET /bbs/include/javascript/common.js HTTP/1.1" 304 - "http://www.seowhy.com/bbs/" "Mozilla/4.0 (compatible; MSIE 7.0; Windows NT 5.1; Mozilla/4.0(Compatible Mozilla/4.0(Compatible-EmbeddedWB 14.58 http://bsalsa.com/ EmbeddedWB- 14.58 from: http://bsalsa.com/ ; Mozilla/4.0(Compatible RogueCleanerEmbeddedWB- 14.58 from: http://bsalsa.com/ ; .NET CLR 1.1.4322; .NET CLR 2.0.50727; .NET CLR 3.0.04506.30)"
222.62.98.44 - - [11/Jan/2009:04:02:59 +0800] "GET /tupian/xueseo1.gif HTTP/1.1" 304 - "http://www.seowhy.com/bbs/" "Mozilla/4.0 (compatible; MSIE 7.0; Windows NT 5.1; Mozilla/4.0(Compatible Mozilla/4.0(Compatible-EmbeddedWB 14.58 http://bsalsa.com/ EmbeddedWB- 14.58 from: http://bsalsa.com/ ; Mozilla/4.0(Compatible RogueCleanerEmbeddedWB- 14.58 from: http://bsalsa.com/ ; .NET CLR 1.1.4322; .NET CLR 2.0.50727; .NET CLR 3.0.04506.30)"
222.62.98.44 - - [11/Jan/2009:04:02:59 +0800] "GET /bbs/images/common/xml.gif HTTP/1.1" 304 - "http://www.seowhy.com/bbs/" "Mozilla/4.0 (compatible; MSIE 7.0; Windows NT 5.1; Mozilla/4.0(Compatible Mozilla/4.0(Compatible-EmbeddedWB 14.58 http://bsalsa.com/ EmbeddedWB- 14.58 from: http://bsalsa.com/ ; Mozilla/4.0(Compatible RogueCleanerEmbeddedWB- 14.58 from: http://bsalsa.com/ ; .NET CLR 1.1.4322; .NET CLR 2.0.50727; .NET CLR 3.0.04506.30)"
222.62.98.44 - - [11/Jan/2009:04:02:59 +0800] "GET /bbs/images/Beijing2008/logo.gif HTTP/1.1" 304 - "http://www.seowhy.com/bbs/" "Mozilla/4.0 (compatible; MSIE 7.0; Windows NT 5.1; Mozilla/4.0(Compatible Mozilla/4.0(Compatible-EmbeddedWB 14.58 http://bsalsa.com/ EmbeddedWB- 14.58 from: http://bsalsa.com/ ; Mozilla/4.0(Compatible RogueCleanerEmbeddedWB- 14.58 from: http://bsalsa.com/ ; .NET CLR 1.1.4322; .NET CLR 2.0.50727; .NET CLR 3.0.04506.30)"
222.62.98.44 - - [11/Jan/2009:04:02:59 +0800] "GET /bbs/images/list.gif HTTP/1.1" 304 - "http://www.seowhy.com/bbs/" "Mozilla/4.0 (compatible; MSIE 7.0; Windows NT 5.1; Mozilla/4.0(Compatible Mozilla/4.0(Compatible-EmbeddedWB 14.58 http://bsalsa.com/ EmbeddedWB- 14.58 from: http://bsalsa.com/ ; Mozilla/4.0(Compatible RogueCleanerEmbeddedWB- 14.58 from: http://bsalsa.com/ ; .NET CLR 1.1.4322; .NET CLR 2.0.50727; .NET CLR 3.0.04506.30)"
222.62.98.44 - - [11/Jan/2009:04:02:59 +0800] "GET /bbs/images/Beijing2008/menu_bg.gif HTTP/1.1" 304 - "http://www.seowhy.com/bbs/" "Mozilla/4.0 (compatible; MSIE 7.0; Windows NT 5.1; Mozilla/4.0(Compatible Mozilla/4.0(Compatible-EmbeddedWB 14.58 http://bsalsa.com/ EmbeddedWB- 14.58 from: http://bsalsa.com/ ; Mozilla/4.0(Compatible RogueCleanerEmbeddedWB- 14.58 from: http://bsalsa.com/ ; .NET CLR 1.1.4322; .NET CLR 2.0.50727; .NET CLR 3.0.04506.30)"
222.62.98.44 - - [11/Jan/2009:04:02:59 +0800] "GET /bbs/images/seo_chuji.jpg HTTP/1.1" 304 - "http://www.seowhy.com/bbs/" "Mozilla/4.0 (compatible; MSIE 7.0; Windows NT 5.1; Mozilla/4.0(Compatible Mozilla/4.0(Compatible-EmbeddedWB 14.58 http://bsalsa.com/ EmbeddedWB- 14.58 from: http://bsalsa.com/ ; Mozilla/4.0(Compatible RogueCleanerEmbeddedWB- 14.58 from: http://bsalsa.com/ ; .NET CLR 1.1.4322; .NET CLR 2.0.50727; .NET CLR 3.0.04506.30)"
222.62.98.44 - - [11/Jan/2009:04:02:59 +0800] "GET /bbs/images/Beijing2008/collapsed_no.gif HTTP/1.1" 304 - "http://www.seowhy.com/bbs/" "Mozilla/4.0 (compatible; MSIE 7.0; Windows NT 5.1; Mozilla/4.0(Compatible Mozilla/4.0(Compatible-EmbeddedWB 14.58 http://bsalsa.com/ EmbeddedWB- 14.58 from: http://bsalsa.com/ ; Mozilla/4.0(Compatible RogueCleanerEmbeddedWB- 14.58 from: http://bsalsa.com/ ; .NET CLR 1.1.4322; .NET CLR 2.0.50727; .NET CLR 3.0.04506.30)"
222.62.98.44 - - [11/Jan/2009:04:02:59 +0800] "GET /bbs/images/Beijing2008/portalbox_bg.gif HTTP/1.1" 304 - "http://www.seowhy.com/bbs/" "Mozilla/4.0 (compatible; MSIE 7.0; Windows NT 5.1; Mozilla/4.0(Compatible Mozilla/4.0(Compatible-EmbeddedWB 14.58 http://bsalsa.com/ EmbeddedWB- 14.58 from: http://bsalsa.com/ ; Mozilla/4.0(Compatible RogueCleanerEmbeddedWB- 14.58 from: http://bsalsa.com/ ; .NET CLR 1.1.4322; .NET CLR 2.0.50727; .NET CLR 3.0.04506.30)"
65.55.109.46 - - [11/Jan/2009:04:02:59 +0800] "GET /sns/do.php?ac=sendmail&rand=1231617776 HTTP/1.0" 200 - "http://www.seowhy.com/sns/space-5755-do-blog-view-me.html" "Mozilla/4.0 (compatible; MSIE 6.0; Windows NT 5.2; SV1; .NET CLR 1.1.4322)"
222.62.98.44 - - [11/Jan/2009:04:03:00 +0800] "GET /bbs/images/se_w.jpg HTTP/1.1" 304 - "http://www.seowhy.com/bbs/" "Mozilla/4.0 (compatible; MSIE 7.0; Windows NT 5.1; Mozilla/4.0(Compatible Mozilla/4.0(Compatible-EmbeddedWB 14.58 http://bsalsa.com/ EmbeddedWB- 14.58 from: http://bsalsa.com/ ; Mozilla/4.0(Compatible RogueCleanerEmbeddedWB- 14.58 from: http://bsalsa.com/ ; .NET CLR 1.1.4322; .NET CLR 2.0.50727; .NET CLR 3.0.04506.30)"
222.62.98.44 - - [11/Jan/2009:04:03:00 +0800] "GET /bbs/images/Beijing2008/collapsed_yes.gif HTTP/1.1" 304 - "http://www.seowhy.com/bbs/" "Mozilla/4.0 (compatible; MSIE 7.0; Windows NT 5.1; Mozilla/4.0(Compatible Mozilla/4.0(Compatible-EmbeddedWB 14.58 http://bsalsa.com/ EmbeddedWB- 14.58 from: http://bsalsa.com/ ; Mozilla/4.0(Compatible RogueCleanerEmbeddedWB- 14.58 from: http://bsalsa.com/ ; .NET CLR 1.1.4322; .NET CLR 2.0.50727; .NET CLR 3.0.04506.30)"
222.62.98.44 - - [11/Jan/2009:04:03:00 +0800] "GET /bbs/images/common/online_admin.gif HTTP/1.1" 304 - "http://www.seowhy.com/bbs/" "Mozilla/4.0 (compatible; MSIE 7.0; Windows NT 5.1; Mozilla/4.0(Compatible Mozilla/4.0(Compatible-EmbeddedWB 14.58 http://bsalsa.com/ EmbeddedWB- 14.58 from: http://bsalsa.com/ ; Mozilla/4.0(Compatible RogueCleanerEmbeddedWB- 14.58 from: http://bsalsa.com/ ; .NET CLR 1.1.4322; .NET CLR 2.0.50727; .NET CLR 3.0.04506.30)"
222.62.98.44 - - [11/Jan/2009:04:03:00 +0800] "GET /bbs/images/common/online_supermod.gif HTTP/1.1" 304 - "http://www.seowhy.com/bbs/" "Mozilla/4.0 (compatible; MSIE 7.0; Windows NT 5.1; Mozilla/4.0(Compatible Mozilla/4.0(Compatible-EmbeddedWB 14.58 http://bsalsa.com/ EmbeddedWB- 14.58 from: http://bsalsa.com/ ; Mozilla/4.0(Compatible RogueCleanerEmbeddedWB- 14.58 from: http://bsalsa.com/ ; .NET CLR 1.1.4322; .NET CLR 2.0.50727; .NET CLR 3.0.04506.30)"
222.62.98.44 - - [11/Jan/2009:04:03:00 +0800] "GET /bbs/images/common/online_moderator.gif HTTP/1.1" 304 - "http://www.seowhy.com/bbs/" "Mozilla/4.0 (compatible; MSIE 7.0; Windows NT 5.1; Mozilla/4.0(Compatible Mozilla/4.0(Compatible-EmbeddedWB 14.58 http://bsalsa.com/ EmbeddedWB- 14.58 from: http://bsalsa.com/ ; Mozilla/4.0(Compatible RogueCleanerEmbeddedWB- 14.58 from: http://bsalsa.com/ ; .NET CLR 1.1.4322; .NET CLR 2.0.50727; .NET CLR 3.0.04506.30)"
222.62.98.44 - - [11/Jan/2009:04:03:01 +0800] "GET /bbs/images/common/online_member.gif HTTP/1.1" 304 - "http://www.seowhy.com/bbs/" "Mozilla/4.0 (compatible; MSIE 7.0; Windows NT 5.1; Mozilla/4.0(Compatible Mozilla/4.0(Compatible-EmbeddedWB 14.58 http://bsalsa.com/ EmbeddedWB- 14.58 from: http://bsalsa.com/ ; Mozilla/4.0(Compatible RogueCleanerEmbeddedWB- 14.58 from: http://bsalsa.com/ ; .NET CLR 1.1.4322; .NET CLR 2.0.50727; .NET CLR 3.0.04506.30)"
222.62.98.44 - - [11/Jan/2009:04:03:01 +0800] "GET /bbs/images/Beijing2008/cat_bg.gif HTTP/1.1" 304 - "http://www.seowhy.com/bbs/" "Mozilla/4.0 (compatible; MSIE 7.0; Windows NT 5.1; Mozilla/4.0(Compatible Mozilla/4.0(Compatible-EmbeddedWB 14.58 http://bsalsa.com/ EmbeddedWB- 14.58 from: http://bsalsa.com/ ; Mozilla/4.0(Compatible RogueCleanerEmbeddedWB- 14.58 from: http://bsalsa.com/ ; .NET CLR 1.1.4322; .NET CLR 2.0.50727; .NET CLR 3.0.04506.30)"
222.62.98.44 - - [11/Jan/2009:04:03:01 +0800] "GET /bbs/images/Beijing2008/forum_new.gif HTTP/1.1" 304 - "http://www.seowhy.com/bbs/" "Mozilla/4.0 (compatible; MSIE 7.0; Windows NT 5.1; Mozilla/4.0(Compatible Mozilla/4.0(Compatible-EmbeddedWB 14.58 http://bsalsa.com/ EmbeddedWB- 14.58 from: http://bsalsa.com/ ; Mozilla/4.0(Compatible RogueCleanerEmbeddedWB- 14.58 from: http://bsalsa.com/ ; .NET CLR 1.1.4322; .NET CLR 2.0.50727; .NET CLR 3.0.04506.30)"
222.62.98.44 - - [11/Jan/2009:04:03:01 +0800] "GET /bbs/images/Beijing2008/forum.gif HTTP/1.1" 304 - "http://www.seowhy.com/bbs/" "Mozilla/4.0 (compatible; MSIE 7.0; Windows NT 5.1; Mozilla/4.0(Compatible Mozilla/4.0(Compatible-EmbeddedWB 14.58 http://bsalsa.com/ EmbeddedWB- 14.58 from: http://bsalsa.com/ ; Mozilla/4.0(Compatible RogueCleanerEmbeddedWB- 14.58 from: http://bsalsa.com/ ; .NET CLR 1.1.4322; .NET CLR 2.0.50727; .NET CLR 3.0.04506.30)"
222.62.98.44 - - [11/Jan/2009:04:03:01 +0800] "GET /bbs/images/Beijing2008/altbg1.gif HTTP/1.1" 304 - "http://www.seowhy.com/bbs/" "Mozilla/4.0 (compatible; MSIE 7.0; Windows NT 5.1; Mozilla/4.0(Compatible Mozilla/4.0(Compatible-EmbeddedWB 14.58 http://bsalsa.com/ EmbeddedWB- 14.58 from: http://bsalsa.com/ ; Mozilla/4.0(Compatible RogueCleanerEmbeddedWB- 14.58 from: http://bsalsa.com/ ; .NET CLR 1.1.4322; .NET CLR 2.0.50727; .NET CLR 3.0.04506.30)"
65.55.109.46 - - [11/Jan/2009:04:02:59 +0800] "GET /sns/template/default/style.css HTTP/1.0" 200 42043 "http://www.seowhy.com/sns/space-5755-do-blog-view-me.html" "Mozilla/4.0 (compatible; MSIE 6.0; Windows NT 5.2; SV1; .NET CLR 1.1.4322)"
222.62.98.44 - - [11/Jan/2009:04:03:02 +0800] "GET /ucenter/data/avatar/000/01/20/21_avatar_small.jpg HTTP/1.1" 404 923 "http://www.seowhy.com/bbs/" "Mozilla/4.0 (compatible; MSIE 7.0; Windows NT 5.1; Mozilla/4.0(Compatible Mozilla/4.0(Compatible-EmbeddedWB 14.58 http://bsalsa.com/ EmbeddedWB- 14.58 from: http://bsalsa.com/ ; Mozilla/4.0(Compatible RogueCleanerEmbeddedWB- 14.58 from: http://bsalsa.com/ ; .NET CLR 1.1.4322; .NET CLR 2.0.50727; .NET CLR 3.0.04506.30)"
222.62.98.44 - - [11/Jan/2009:04:03:02 +0800] "GET /bbs/images/avatars/avataronline.gif HTTP/1.1" 304 - "http://www.seowhy.com/bbs/" "Mozilla/4.0 (compatible; MSIE 7.0; Windows NT 5.1; Mozilla/4.0(Compatible Mozilla/4.0(Compatible-EmbeddedWB 14.58 http://bsalsa.com/ EmbeddedWB- 14.58 from: http://bsalsa.com/ ; Mozilla/4.0(Compatible RogueCleanerEmbeddedWB- 14.58 from: http://bsalsa.com/ ; .NET CLR 1.1.4322; .NET CLR 2.0.50727; .NET CLR 3.0.04506.30)"
222.62.98.44 - - [11/Jan/2009:04:03:02 +0800] "GET /bbs/images/Beijing2008/menu_itemline.gif HTTP/1.1" 304 - "http://www.seowhy.com/bbs/" "Mozilla/4.0 (compatible; MSIE 7.0; Windows NT 5.1; Mozilla/4.0(Compatible Mozilla/4.0(Compatible-EmbeddedWB 14.58 http://bsalsa.com/ EmbeddedWB- 14.58 from: http://bsalsa.com/ ; Mozilla/4.0(Compatible RogueCleanerEmbeddedWB- 14.58 from: http://bsalsa.com/ ; .NET CLR 1.1.4322; .NET CLR 2.0.50727; .NET CLR 3.0.04506.30)"
222.62.98.44 - - [11/Jan/2009:04:03:02 +0800] "GET /bbs/images/default/chacha_4409.gif HTTP/1.1" 304 - "http://www.seowhy.com/bbs/" "Mozilla/4.0 (compatible; MSIE 7.0; Windows NT 5.1; Mozilla/4.0(Compatible Mozilla/4.0(Compatible-EmbeddedWB 14.58 http://bsalsa.com/ EmbeddedWB- 14.58 from: http://bsalsa.com/ ; Mozilla/4.0(Compatible RogueCleanerEmbeddedWB- 14.58 from: http://bsalsa.com/ ; .NET CLR 1.1.4322; .NET CLR 2.0.50727; .NET CLR 3.0.04506.30)"
222.62.98.44 - - [11/Jan/2009:04:03:02 +0800] "GET /bbs/images/Beijing2008/discuz_icon.gif HTTP/1.1" 304 - "http://www.seowhy.com/bbs/" "Mozilla/4.0 (compatible; MSIE 7.0; Windows NT 5.1; Mozilla/4.0(Compatible Mozilla/4.0(Compatible-EmbeddedWB 14.58 http://bsalsa.com/ EmbeddedWB- 14.58 from: http://bsalsa.com/ ; Mozilla/4.0(Compatible RogueCleanerEmbeddedWB- 14.58 from: http://bsalsa.com/ ; .NET CLR 1.1.4322; .NET CLR 2.0.50727; .NET CLR 3.0.04506.30)"
222.62.98.44 - - [11/Jan/2009:04:03:02 +0800] "GET /bbs/images/Beijing2008/forumbox_head.gif HTTP/1.1" 304 - "http://www.seowhy.com/bbs/" "Mozilla/4.0 (compatible; MSIE 7.0; Windows NT 5.1; Mozilla/4.0(Compatible Mozilla/4.0(Compatible-EmbeddedWB 14.58 http://bsalsa.com/ EmbeddedWB- 14.58 from: http://bsalsa.com/ ; Mozilla/4.0(Compatible RogueCleanerEmbeddedWB- 14.58 from: http://bsalsa.com/ ; .NET CLR 1.1.4322; .NET CLR 2.0.50727; .NET CLR 3.0.04506.30)"
222.62.98.44 - - [11/Jan/2009:04:03:02 +0800] "GET /bbs/images/Beijing2008/forum2.gif HTTP/1.1" 304 - "http://www.seowhy.com/bbs/" "Mozilla/4.0 (compatible; MSIE 7.0; Windows NT 5.1; Mozilla/4.0(Compatible Mozilla/4.0(Compatible-EmbeddedWB 14.58 http://bsalsa.com/ EmbeddedWB- 14.58 from: http://bsalsa.com/ ; Mozilla/4.0(Compatible RogueCleanerEmbeddedWB- 14.58 from: http://bsalsa.com/ ; .NET CLR 1.1.4322; .NET CLR 2.0.50727; .NET CLR 3.0.04506.30)"
222.62.98.44 - - [11/Jan/2009:04:03:02 +0800] "GET /bbs/images/default/jinjin_4409.gif HTTP/1.1" 304 - "http://www.seowhy.com/bbs/" "Mozilla/4.0 (compatible; MSIE 7.0; Windows NT 5.1; Mozilla/4.0(Compatible Mozilla/4.0(Compatible-EmbeddedWB 14.58 http://bsalsa.com/ EmbeddedWB- 14.58 from: http://bsalsa.com/ ; Mozilla/4.0(Compatible RogueCleanerEmbeddedWB- 14.58 from: http://bsalsa.com/ ; .NET CLR 1.1.4322; .NET CLR 2.0.50727; .NET CLR 3.0.04506.30)"
222.62.98.44 - - [11/Jan/2009:04:03:02 +0800] "GET /bbs/images/Beijing2008/arrow_down.gif HTTP/1.1" 304 - "http://www.seowhy.com/bbs/" "Mozilla/4.0 (compatible; MSIE 7.0; Windows NT 5.1; Mozilla/4.0(Compatible Mozilla/4.0(Compatible-EmbeddedWB 14.58 http://bsalsa.com/ EmbeddedWB- 14.58 from: http://bsalsa.com/ ; Mozilla/4.0(Compatible RogueCleanerEmbeddedWB- 14.58 from: http://bsalsa.com/ ; .NET CLR 1.1.4322; .NET CLR 2.0.50727; .NET CLR 3.0.04506.30)"
222.62.98.44 - - [11/Jan/2009:04:03:02 +0800] "GET /bbs/images/listbg.gif HTTP/1.1" 304 - "http://www.seowhy.com/bbs/" "Mozilla/4.0 (compatible; MSIE 7.0; Windows NT 5.1; Mozilla/4.0(Compatible Mozilla/4.0(Compatible-EmbeddedWB 14.58 http://bsalsa.com/ EmbeddedWB- 14.58 from: http://bsalsa.com/ ; Mozilla/4.0(Compatible RogueCleanerEmbeddedWB- 14.58 from: http://bsalsa.com/ ; .NET CLR 1.1.4322; .NET CLR 2.0.50727; .NET CLR 3.0.04506.30)"
222.62.98.44 - - [11/Jan/2009:04:03:02 +0800] "GET /bbs/images/Beijing2008/forum1.gif HTTP/1.1" 304 - "http://www.seowhy.com/bbs/" "Mozilla/4.0 (compatible; MSIE 7.0; Windows NT 5.1; Mozilla/4.0(Compatible Mozilla/4.0(Compatible-EmbeddedWB 14.58 http://bsalsa.com/ EmbeddedWB- 14.58 from: http://bsalsa.com/ ; Mozilla/4.0(Compatible RogueCleanerEmbeddedWB- 14.58 from: http://bsalsa.com/ ; .NET CLR 1.1.4322; .NET CLR 2.0.50727; .NET CLR 3.0.04506.30)"
222.62.98.44 - - [11/Jan/2009:04:03:02 +0800] "GET /bbs/images/Beijing2008/online.gif HTTP/1.1" 304 - "http://www.seowhy.com/bbs/" "Mozilla/4.0 (compatible; MSIE 7.0; Windows NT 5.1; Mozilla/4.0(Compatible Mozilla/4.0(Compatible-EmbeddedWB 14.58 http://bsalsa.com/ EmbeddedWB- 14.58 from: http://bsalsa.com/ ; Mozilla/4.0(Compatible RogueCleanerEmbeddedWB- 14.58 from: http://bsalsa.com/ ; .NET CLR 1.1.4322; .NET CLR 2.0.50727; .NET CLR 3.0.04506.30)"
222.62.98.44 - - [11/Jan/2009:04:03:02 +0800] "GET /bbs/images/Beijing2008/forumlink.gif HTTP/1.1" 304 - "http://www.seowhy.com/bbs/" "Mozilla/4.0 (compatible; MSIE 7.0; Windows NT 5.1; Mozilla/4.0(Compatible Mozilla/4.0(Compatible-EmbeddedWB 14.58 http://bsalsa.com/ EmbeddedWB- 14.58 from: http://bsalsa.com/ ; Mozilla/4.0(Compatible RogueCleanerEmbeddedWB- 14.58 from: http://bsalsa.com/ ; .NET CLR 1.1.4322; .NET CLR 2.0.50727; .NET CLR 3.0.04506.30)"
221.194.136.51 - - [11/Jan/2009:04:03:03 +0800] "GET /bbs/viewthread.php?tid=3229&page=1&authorid=4943 HTTP/1.1" 200 5747 "-" "Mozilla/4.0 (compatible; MSIE 6.0; Windows NT 5.1; CollapsarDEEP)"
222.62.98.44 - - [11/Jan/2009:04:03:03 +0800] "GET /bbs/images/Beijing2008/homelink.gif HTTP/1.1" 304 - "http://www.seowhy.com/bbs/" "Mozilla/4.0 (compatible; MSIE 7.0; Windows NT 5.1; Mozilla/4.0(Compatible Mozilla/4.0(Compatible-EmbeddedWB 14.58 http://bsalsa.com/ EmbeddedWB- 14.58 from: http://bsalsa.com/ ; Mozilla/4.0(Compatible RogueCleanerEmbeddedWB- 14.58 from: http://bsalsa.com/ ; .NET CLR 1.1.4322; .NET CLR 2.0.50727; .NET CLR 3.0.04506.30)"
222.62.98.44 - - [11/Jan/2009:04:03:03 +0800] "GET /bbs/images/Beijing2008/usericon.gif HTTP/1.1" 304 - "http://www.seowhy.com/bbs/" "Mozilla/4.0 (compatible; MSIE 7.0; Windows NT 5.1; Mozilla/4.0(Compatible Mozilla/4.0(Compatible-EmbeddedWB 14.58 http://bsalsa.com/ EmbeddedWB- 14.58 from: http://bsalsa.com/ ; Mozilla/4.0(Compatible RogueCleanerEmbeddedWB- 14.58 from: http://bsalsa.com/ ; .NET CLR 1.1.4322; .NET CLR 2.0.50727; .NET CLR 3.0.04506.30)"
222.62.98.44 - - [11/Jan/2009:04:03:03 +0800] "GET /ucenter/images/noavatar_small.gif HTTP/1.1" 304 - "http://www.seowhy.com/bbs/" "Mozilla/4.0 (compatible; MSIE 7.0; Windows NT 5.1; Mozilla/4.0(Compatible Mozilla/4.0(Compatible-EmbeddedWB 14.58 http://bsalsa.com/ EmbeddedWB- 14.58 from: http://bsalsa.com/ ; Mozilla/4.0(Compatible RogueCleanerEmbeddedWB- 14.58 from: http://bsalsa.com/ ; .NET CLR 1.1.4322; .NET CLR 2.0.50727; .NET CLR 3.0.04506.30)"
222.62.98.44 - - [11/Jan/2009:04:03:04 +0800] "GET /bbs/pm.php?checknewpm=0.3303125142413937&inajax=1&ajaxtarget=pmnotice HTTP/1.1" 200 67 "http://www.seowhy.com/bbs/" "Mozilla/4.0 (compatible; MSIE 7.0; Windows NT 5.1; Mozilla/4.0(Compatible Mozilla/4.0(Compatible-EmbeddedWB 14.58 http://bsalsa.com/ EmbeddedWB- 14.58 from: http://bsalsa.com/ ; Mozilla/4.0(Compatible RogueCleanerEmbeddedWB- 14.58 from: http://bsalsa.com/ ; .NET CLR 1.1.4322; .NET CLR 2.0.50727; .NET CLR 3.0.04506.30)"
222.62.98.44 - - [11/Jan/2009:04:03:05 +0800] "GET /bbs/images/Beijing2008/altbg2.gif HTTP/1.1" 304 - "http://www.seowhy.com/bbs/" "Mozilla/4.0 (compatible; MSIE 7.0; Windows NT 5.1; Mozilla/4.0(Compatible Mozilla/4.0(Compatible-EmbeddedWB 14.58 http://bsalsa.com/ EmbeddedWB- 14.58 from: http://bsalsa.com/ ; Mozilla/4.0(Compatible RogueCleanerEmbeddedWB- 14.58 from: http://bsalsa.com/ ; .NET CLR 1.1.4322; .NET CLR 2.0.50727; .NET CLR 3.0.04506.30)"
222.62.98.44 - - [11/Jan/2009:04:03:05 +0800] "GET /bbs/images/Beijing2008/forum2hover.gif HTTP/1.1" 304 - "http://www.seowhy.com/bbs/" "Mozilla/4.0 (compatible; MSIE 7.0; Windows NT 5.1; Mozilla/4.0(Compatible Mozilla/4.0(Compatible-EmbeddedWB 14.58 http://bsalsa.com/ EmbeddedWB- 14.58 from: http://bsalsa.com/ ; Mozilla/4.0(Compatible RogueCleanerEmbeddedWB- 14.58 from: http://bsalsa.com/ ; .NET CLR 1.1.4322; .NET CLR 2.0.50727; .NET CLR 3.0.04506.30)"
222.62.98.44 - - [11/Jan/2009:04:03:05 +0800] "GET /bbs/images/Beijing2008/forum2hover.gif HTTP/1.1" 304 - "http://www.seowhy.com/bbs/" "Mozilla/4.0 (compatible; MSIE 7.0; Windows NT 5.1; Mozilla/4.0(Compatible Mozilla/4.0(Compatible-EmbeddedWB 14.58 http://bsalsa.com/ EmbeddedWB- 14.58 from: http://bsalsa.com/ ; Mozilla/4.0(Compatible RogueCleanerEmbeddedWB- 14.58 from: http://bsalsa.com/ ; .NET CLR 1.1.4322; .NET CLR 2.0.50727; .NET CLR 3.0.04506.30)"
222.62.98.44 - - [11/Jan/2009:04:03:05 +0800] "GET /bbs/images/Beijing2008/altbg2.gif HTTP/1.1" 304 - "http://www.seowhy.com/bbs/" "Mozilla/4.0 (compatible; MSIE 7.0; Windows NT 5.1; Mozilla/4.0(Compatible Mozilla/4.0(Compatible-EmbeddedWB 14.58 http://bsalsa.com/ EmbeddedWB- 14.58 from: http://bsalsa.com/ ; Mozilla/4.0(Compatible RogueCleanerEmbeddedWB- 14.58 from: http://bsalsa.com/ ; .NET CLR 1.1.4322; .NET CLR 2.0.50727; .NET CLR 3.0.04506.30)"
61.135.168.22 - - [11/Jan/2009:04:03:07 +0800] "GET /bbs/thread-7125-1-1.html HTTP/1.1" 200 7375 "-" "Baiduspider+(+http://www.baidu.com/search/spider.htm)"
222.62.98.44 - - [11/Jan/2009:04:03:09 +0800] "GET /bbs/images/Beijing2008/forum1hover.gif HTTP/1.1" 200 2636 "http://www.seowhy.com/bbs/" "Mozilla/4.0 (compatible; MSIE 7.0; Windows NT 5.1; Mozilla/4.0(Compatible Mozilla/4.0(Compatible-EmbeddedWB 14.58 http://bsalsa.com/ EmbeddedWB- 14.58 from: http://bsalsa.com/ ; Mozilla/4.0(Compatible RogueCleanerEmbeddedWB- 14.58 from: http://bsalsa.com/ ; .NET CLR 1.1.4322; .NET CLR 2.0.50727; .NET CLR 3.0.04506.30)"
222.62.98.44 - - [11/Jan/2009:04:03:09 +0800] "GET /bbs/forum-43-1.html HTTP/1.1" 200 7940 "http://www.seowhy.com/bbs/" "Mozilla/4.0 (compatible; MSIE 7.0; Windows NT 5.1; Mozilla/4.0(Compatible Mozilla/4.0(Compatible-EmbeddedWB 14.58 http://bsalsa.com/ EmbeddedWB- 14.58 from: http://bsalsa.com/ ; Mozilla/4.0(Compatible RogueCleanerEmbeddedWB- 14.58 from: http://bsalsa.com/ ; .NET CLR 1.1.4322; .NET CLR 2.0.50727; .NET CLR 3.0.04506.30)"
222.62.98.44 - - [11/Jan/2009:04:03:10 +0800] "GET /bbs/images/Beijing2008/folder_common.gif HTTP/1.1" 304 - "http://www.seowhy.com/bbs/forum-43-1.html" "Mozilla/4.0 (compatible; MSIE 7.0; Windows NT 5.1; Mozilla/4.0(Compatible Mozilla/4.0(Compatible-EmbeddedWB 14.58 http://bsalsa.com/ EmbeddedWB- 14.58 from: http://bsalsa.com/ ; Mozilla/4.0(Compatible RogueCleanerEmbeddedWB- 14.58 from: http://bsalsa.com/ ; .NET CLR 1.1.4322; .NET CLR 2.0.50727; .NET CLR 3.0.04506.30)"
222.62.98.44 - - [11/Jan/2009:04:03:10 +0800] "GET /bbs/images/Beijing2008/pin_1.gif HTTP/1.1" 304 - "http://www.seowhy.com/bbs/forum-43-1.html" "Mozilla/4.0 (compatible; MSIE 7.0; Windows NT 5.1; Mozilla/4.0(Compatible Mozilla/4.0(Compatible-EmbeddedWB 14.58 http://bsalsa.com/ EmbeddedWB- 14.58 from: http://bsalsa.com/ ; Mozilla/4.0(Compatible RogueCleanerEmbeddedWB- 14.58 from: http://bsalsa.com/ ; .NET CLR 1.1.4322; .NET CLR 2.0.50727; .NET CLR 3.0.04506.30)"
222.62.98.44 - - [11/Jan/2009:04:03:11 +0800] "GET /bbs/images/Beijing2008/folder_hot.gif HTTP/1.1" 304 - "http://www.seowhy.com/bbs/forum-43-1.html" "Mozilla/4.0 (compatible; MSIE 7.0; Windows NT 5.1; Mozilla/4.0(Compatible Mozilla/4.0(Compatible-EmbeddedWB 14.58 http://bsalsa.com/ EmbeddedWB- 14.58 from: http://bsalsa.com/ ; Mozilla/4.0(Compatible RogueCleanerEmbeddedWB- 14.58 from: http://bsalsa.com/ ; .NET CLR 1.1.4322; .NET CLR 2.0.50727; .NET CLR 3.0.04506.30)"
222.62.98.44 - - [11/Jan/2009:04:03:11 +0800] "GET /bbs/images/Beijing2008/digest_1.gif HTTP/1.1" 304 - "http://www.seowhy.com/bbs/forum-43-1.html" "Mozilla/4.0 (compatible; MSIE 7.0; Windows NT 5.1; Mozilla/4.0(Compatible Mozilla/4.0(Compatible-EmbeddedWB 14.58 http://bsalsa.com/ EmbeddedWB- 14.58 from: http://bsalsa.com/ ; Mozilla/4.0(Compatible RogueCleanerEmbeddedWB- 14.58 from: http://bsalsa.com/ ; .NET CLR 1.1.4322; .NET CLR 2.0.50727; .NET CLR 3.0.04506.30)"
222.62.98.44 - - [11/Jan/2009:04:03:11 +0800] "GET /bbs/images/Beijing2008/digest_2.gif HTTP/1.1" 200 1382 "http://www.seowhy.com/bbs/forum-43-1.html" "Mozilla/4.0 (compatible; MSIE 7.0; Windows NT 5.1; Mozilla/4.0(Compatible Mozilla/4.0(Compatible-EmbeddedWB 14.58 http://bsalsa.com/ EmbeddedWB- 14.58 from: http://bsalsa.com/ ; Mozilla/4.0(Compatible RogueCleanerEmbeddedWB- 14.58 from: http://bsalsa.com/ ; .NET CLR 1.1.4322; .NET CLR 2.0.50727; .NET CLR 3.0.04506.30)"
222.62.98.44 - - [11/Jan/2009:04:03:11 +0800] "GET /ucenter/data/avatar/000/00/45/08_avatar_small.jpg HTTP/1.1" 304 - "http://www.seowhy.com/bbs/forum-43-1.html" "Mozilla/4.0 (compatible; MSIE 7.0; Windows NT 5.1; Mozilla/4.0(Compatible Mozilla/4.0(Compatible-EmbeddedWB 14.58 http://bsalsa.com/ EmbeddedWB- 14.58 from: http://bsalsa.com/ ; Mozilla/4.0(Compatible RogueCleanerEmbeddedWB- 14.58 from: http://bsalsa.com/ ; .NET CLR 1.1.4322; .NET CLR 2.0.50727; .NET CLR 3.0.04506.30)"
222.62.98.44 - - [11/Jan/2009:04:03:11 +0800] "GET /ucenter/data/avatar/000/01/01/82_avatar_small.jpg HTTP/1.1" 304 - "http://www.seowhy.com/bbs/forum-43-1.html" "Mozilla/4.0 (compatible; MSIE 7.0; Windows NT 5.1; Mozilla/4.0(Compatible Mozilla/4.0(Compatible-EmbeddedWB 14.58 http://bsalsa.com/ EmbeddedWB- 14.58 from: http://bsalsa.com/ ; Mozilla/4.0(Compatible RogueCleanerEmbeddedWB- 14.58 from: http://bsalsa.com/ ; .NET CLR 1.1.4322; .NET CLR 2.0.50727; .NET CLR 3.0.04506.30)"
222.62.98.44 - - [11/Jan/2009:04:03:11 +0800] "GET /bbs/images/Beijing2008/agree.gif HTTP/1.1" 304 - "http://www.seowhy.com/bbs/forum-43-1.html" "Mozilla/4.0 (compatible; MSIE 7.0; Windows NT 5.1; Mozilla/4.0(Compatible Mozilla/4.0(Compatible-EmbeddedWB 14.58 http://bsalsa.com/ EmbeddedWB- 14.58 from: http://bsalsa.com/ ; Mozilla/4.0(Compatible RogueCleanerEmbeddedWB- 14.58 from: http://bsalsa.com/ ; .NET CLR 1.1.4322; .NET CLR 2.0.50727; .NET CLR 3.0.04506.30)"
222.62.98.44 - - [11/Jan/2009:04:03:11 +0800] "GET /bbs/images/Beijing2008/folder_s.gif HTTP/1.1" 304 - "http://www.seowhy.com/bbs/forum-43-1.html" "Mozilla/4.0 (compatible; MSIE 7.0; Windows NT 5.1; Mozilla/4.0(Compatible Mozilla/4.0(Compatible-EmbeddedWB 14.58 http://bsalsa.com/ EmbeddedWB- 14.58 from: http://bsalsa.com/ ; Mozilla/4.0(Compatible RogueCleanerEmbeddedWB- 14.58 from: http://bsalsa.com/ ; .NET CLR 1.1.4322; .NET CLR 2.0.50727; .NET CLR 3.0.04506.30)"
222.62.98.44 - - [11/Jan/2009:04:03:12 +0800] "GET /bbs/images/Beijing2008/pollsmall.gif HTTP/1.1" 200 403 "http://www.seowhy.com/bbs/forum-43-1.html" "Mozilla/4.0 (compatible; MSIE 7.0; Windows NT 5.1; Mozilla/4.0(Compatible Mozilla/4.0(Compatible-EmbeddedWB 14.58 http://bsalsa.com/ EmbeddedWB- 14.58 from: http://bsalsa.com/ ; Mozilla/4.0(Compatible RogueCleanerEmbeddedWB- 14.58 from: http://bsalsa.com/ ; .NET CLR 1.1.4322; .NET CLR 2.0.50727; .NET CLR 3.0.04506.30)"
222.62.98.44 - - [11/Jan/2009:04:03:12 +0800] "GET /bbs/images/Beijing2008/rewardsmall.gif HTTP/1.1" 200 610 "http://www.seowhy.com/bbs/forum-43-1.html" "Mozilla/4.0 (compatible; MSIE 7.0; Windows NT 5.1; Mozilla/4.0(Compatible Mozilla/4.0(Compatible-EmbeddedWB 14.58 http://bsalsa.com/ EmbeddedWB- 14.58 from: http://bsalsa.com/ ; Mozilla/4.0(Compatible RogueCleanerEmbeddedWB- 14.58 from: http://bsalsa.com/ ; .NET CLR 1.1.4322; .NET CLR 2.0.50727; .NET CLR 3.0.04506.30)"
222.62.98.44 - - [11/Jan/2009:04:03:12 +0800] "GET /ucenter/data/avatar/000/00/63/79_avatar_small.jpg HTTP/1.1" 304 - "http://www.seowhy.com/bbs/forum-43-1.html" "Mozilla/4.0 (compatible; MSIE 7.0; Windows NT 5.1; Mozilla/4.0(Compatible Mozilla/4.0(Compatible-EmbeddedWB 14.58 http://bsalsa.com/ EmbeddedWB- 14.58 from: http://bsalsa.com/ ; Mozilla/4.0(Compatible RogueCleanerEmbeddedWB- 14.58 from: http://bsalsa.com/ ; .NET CLR 1.1.4322; .NET CLR 2.0.50727; .NET CLR 3.0.04506.30)"
222.62.98.44 - - [11/Jan/2009:04:03:12 +0800] "GET /ucenter/data/avatar/000/00/49/86_avatar_small.jpg HTTP/1.1" 304 - "http://www.seowhy.com/bbs/forum-43-1.html" "Mozilla/4.0 (compatible; MSIE 7.0; Windows NT 5.1; Mozilla/4.0(Compatible Mozilla/4.0(Compatible-EmbeddedWB 14.58 http://bsalsa.com/ EmbeddedWB- 14.58 from: http://bsalsa.com/ ; Mozilla/4.0(Compatible RogueCleanerEmbeddedWB- 14.58 from: http://bsalsa.com/ ; .NET CLR 1.1.4322; .NET CLR 2.0.50727; .NET CLR 3.0.04506.30)"
222.62.98.44 - - [11/Jan/2009:04:03:12 +0800] "GET /ucenter/data/avatar/000/00/00/04_avatar_small.jpg HTTP/1.1" 304 - "http://www.seowhy.com/bbs/forum-43-1.html" "Mozilla/4.0 (compatible; MSIE 7.0; Windows NT 5.1; Mozilla/4.0(Compatible Mozilla/4.0(Compatible-EmbeddedWB 14.58 http://bsalsa.com/ EmbeddedWB- 14.58 from: http://bsalsa.com/ ; Mozilla/4.0(Compatible RogueCleanerEmbeddedWB- 14.58 from: http://bsalsa.com/ ; .NET CLR 1.1.4322; .NET CLR 2.0.50727; .NET CLR 3.0.04506.30)"
222.62.98.44 - - [11/Jan/2009:04:03:12 +0800] "GET /ucenter/data/avatar/000/00/32/62_avatar_small.jpg HTTP/1.1" 404 923 "http://www.seowhy.com/bbs/forum-43-1.html" "Mozilla/4.0 (compatible; MSIE 7.0; Windows NT 5.1; Mozilla/4.0(Compatible Mozilla/4.0(Compatible-EmbeddedWB 14.58 http://bsalsa.com/ EmbeddedWB- 14.58 from: http://bsalsa.com/ ; Mozilla/4.0(Compatible RogueCleanerEmbeddedWB- 14.58 from: http://bsalsa.com/ ; .NET CLR 1.1.4322; .NET CLR 2.0.50727; .NET CLR 3.0.04506.30)"
222.62.98.44 - - [11/Jan/2009:04:03:12 +0800] "GET /ucenter/data/avatar/000/00/68/79_avatar_small.jpg HTTP/1.1" 304 - "http://www.seowhy.com/bbs/forum-43-1.html" "Mozilla/4.0 (compatible; MSIE 7.0; Windows NT 5.1; Mozilla/4.0(Compatible Mozilla/4.0(Compatible-EmbeddedWB 14.58 http://bsalsa.com/ EmbeddedWB- 14.58 from: http://bsalsa.com/ ; Mozilla/4.0(Compatible RogueCleanerEmbeddedWB- 14.58 from: http://bsalsa.com/ ; .NET CLR 1.1.4322; .NET CLR 2.0.50727; .NET CLR 3.0.04506.30)"
222.62.98.44 - - [11/Jan/2009:04:03:12 +0800] "GET /ucenter/data/avatar/000/00/00/11_avatar_small.jpg HTTP/1.1" 304 - "http://www.seowhy.com/bbs/forum-43-1.html" "Mozilla/4.0 (compatible; MSIE 7.0; Windows NT 5.1; Mozilla/4.0(Compatible Mozilla/4.0(Compatible-EmbeddedWB 14.58 http://bsalsa.com/ EmbeddedWB- 14.58 from: http://bsalsa.com/ ; Mozilla/4.0(Compatible RogueCleanerEmbeddedWB- 14.58 from: http://bsalsa.com/ ; .NET CLR 1.1.4322; .NET CLR 2.0.50727; .NET CLR 3.0.04506.30)"
222.62.98.44 - - [11/Jan/2009:04:03:13 +0800] "GET /bbs/images/Beijing2008/activitysmall.gif HTTP/1.1" 200 1111 "http://www.seowhy.com/bbs/forum-43-1.html" "Mozilla/4.0 (compatible; MSIE 7.0; Windows NT 5.1; Mozilla/4.0(Compatible Mozilla/4.0(Compatible-EmbeddedWB 14.58 http://bsalsa.com/ EmbeddedWB- 14.58 from: http://bsalsa.com/ ; Mozilla/4.0(Compatible RogueCleanerEmbeddedWB- 14.58 from: http://bsalsa.com/ ; .NET CLR 1.1.4322; .NET CLR 2.0.50727; .NET CLR 3.0.04506.30)"
222.62.98.44 - - [11/Jan/2009:04:03:13 +0800] "GET /ucenter/data/avatar/000/00/37/45_avatar_small.jpg HTTP/1.1" 304 - "http://www.seowhy.com/bbs/forum-43-1.html" "Mozilla/4.0 (compatible; MSIE 7.0; Windows NT 5.1; Mozilla/4.0(Compatible Mozilla/4.0(Compatible-EmbeddedWB 14.58 http://bsalsa.com/ EmbeddedWB- 14.58 from: http://bsalsa.com/ ; Mozilla/4.0(Compatible RogueCleanerEmbeddedWB- 14.58 from: http://bsalsa.com/ ; .NET CLR 1.1.4322; .NET CLR 2.0.50727; .NET CLR 3.0.04506.30)"
222.62.98.44 - - [11/Jan/2009:04:03:13 +0800] "GET /ucenter/data/avatar/000/00/55/77_avatar_small.jpg HTTP/1.1" 304 - "http://www.seowhy.com/bbs/forum-43-1.html" "Mozilla/4.0 (compatible; MSIE 7.0; Windows NT 5.1; Mozilla/4.0(Compatible Mozilla/4.0(Compatible-EmbeddedWB 14.58 http://bsalsa.com/ EmbeddedWB- 14.58 from: http://bsalsa.com/ ; Mozilla/4.0(Compatible RogueCleanerEmbeddedWB- 14.58 from: http://bsalsa.com/ ; .NET CLR 1.1.4322; .NET CLR 2.0.50727; .NET CLR 3.0.04506.30)"
222.62.98.44 - - [11/Jan/2009:04:03:14 +0800] "GET /ucenter/data/avatar/000/00/37/51_avatar_small.jpg HTTP/1.1" 304 - "http://www.seowhy.com/bbs/forum-43-1.html" "Mozilla/4.0 (compatible; MSIE 7.0; Windows NT 5.1; Mozilla/4.0(Compatible Mozilla/4.0(Compatible-EmbeddedWB 14.58 http://bsalsa.com/ EmbeddedWB- 14.58 from: http://bsalsa.com/ ; Mozilla/4.0(Compatible RogueCleanerEmbeddedWB- 14.58 from: http://bsalsa.com/ ; .NET CLR 1.1.4322; .NET CLR 2.0.50727; .NET CLR 3.0.04506.30)"
222.62.98.44 - - [11/Jan/2009:04:03:14 +0800] "GET /ucenter/data/avatar/000/00/60/83_avatar_small.jpg HTTP/1.1" 304 - "http://www.seowhy.com/bbs/forum-43-1.html" "Mozilla/4.0 (compatible; MSIE 7.0; Windows NT 5.1; Mozilla/4.0(Compatible Mozilla/4.0(Compatible-EmbeddedWB 14.58 http://bsalsa.com/ EmbeddedWB- 14.58 from: http://bsalsa.com/ ; Mozilla/4.0(Compatible RogueCleanerEmbeddedWB- 14.58 from: http://bsalsa.com/ ; .NET CLR 1.1.4322; .NET CLR 2.0.50727; .NET CLR 3.0.04506.30)"
222.62.98.44 - - [11/Jan/2009:04:03:14 +0800] "GET /ucenter/data/avatar/000/00/53/26_avatar_small.jpg HTTP/1.1" 304 - "http://www.seowhy.com/bbs/forum-43-1.html" "Mozilla/4.0 (compatible; MSIE 7.0; Windows NT 5.1; Mozilla/4.0(Compatible Mozilla/4.0(Compatible-EmbeddedWB 14.58 http://bsalsa.com/ EmbeddedWB- 14.58 from: http://bsalsa.com/ ; Mozilla/4.0(Compatible RogueCleanerEmbeddedWB- 14.58 from: http://bsalsa.com/ ; .NET CLR 1.1.4322; .NET CLR 2.0.50727; .NET CLR 3.0.04506.30)"
222.62.98.44 - - [11/Jan/2009:04:03:14 +0800] "GET /ucenter/data/avatar/000/00/38/58_avatar_small.jpg HTTP/1.1" 304 - "http://www.seowhy.com/bbs/forum-43-1.html" "Mozilla/4.0 (compatible; MSIE 7.0; Windows NT 5.1; Mozilla/4.0(Compatible Mozilla/4.0(Compatible-EmbeddedWB 14.58 http://bsalsa.com/ EmbeddedWB- 14.58 from: http://bsalsa.com/ ; Mozilla/4.0(Compatible RogueCleanerEmbeddedWB- 14.58 from: http://bsalsa.com/ ; .NET CLR 1.1.4322; .NET CLR 2.0.50727; .NET CLR 3.0.04506.30)"
222.62.98.44 - - [11/Jan/2009:04:03:14 +0800] "GET /bbs/images/Beijing2008/folder_new.gif HTTP/1.1" 304 - "http://www.seowhy.com/bbs/forum-43-1.html" "Mozilla/4.0 (compatible; MSIE 7.0; Windows NT 5.1; Mozilla/4.0(Compatible Mozilla/4.0(Compatible-EmbeddedWB 14.58 http://bsalsa.com/ EmbeddedWB- 14.58 from: http://bsalsa.com/ ; Mozilla/4.0(Compatible RogueCleanerEmbeddedWB- 14.58 from: http://bsalsa.com/ ; .NET CLR 1.1.4322; .NET CLR 2.0.50727; .NET CLR 3.0.04506.30)"
222.62.98.44 - - [11/Jan/2009:04:03:14 +0800] "GET /bbs/images/Beijing2008/folder_lock.gif HTTP/1.1" 304 - "http://www.seowhy.com/bbs/forum-43-1.html" "Mozilla/4.0 (compatible; MSIE 7.0; Windows NT 5.1; Mozilla/4.0(Compatible Mozilla/4.0(Compatible-EmbeddedWB 14.58 http://bsalsa.com/ EmbeddedWB- 14.58 from: http://bsalsa.com/ ; Mozilla/4.0(Compatible RogueCleanerEmbeddedWB- 14.58 from: http://bsalsa.com/ ; .NET CLR 1.1.4322; .NET CLR 2.0.50727; .NET CLR 3.0.04506.30)"
222.62.98.44 - - [11/Jan/2009:04:03:14 +0800] "GET /ucenter/data/avatar/000/00/55/28_avatar_small.jpg HTTP/1.1" 304 - "http://www.seowhy.com/bbs/forum-43-1.html" "Mozilla/4.0 (compatible; MSIE 7.0; Windows NT 5.1; Mozilla/4.0(Compatible Mozilla/4.0(Compatible-EmbeddedWB 14.58 http://bsalsa.com/ EmbeddedWB- 14.58 from: http://bsalsa.com/ ; Mozilla/4.0(Compatible RogueCleanerEmbeddedWB- 14.58 from: http://bsalsa.com/ ; .NET CLR 1.1.4322; .NET CLR 2.0.50727; .NET CLR 3.0.04506.30)"
222.62.98.44 - - [11/Jan/2009:04:03:14 +0800] "GET /bbs/images/Beijing2008/multipage.gif HTTP/1.1" 304 - "http://www.seowhy.com/bbs/forum-43-1.html" "Mozilla/4.0 (compatible; MSIE 7.0; Windows NT 5.1; Mozilla/4.0(Compatible Mozilla/4.0(Compatible-EmbeddedWB 14.58 http://bsalsa.com/ EmbeddedWB- 14.58 from: http://bsalsa.com/ ; Mozilla/4.0(Compatible RogueCleanerEmbeddedWB- 14.58 from: http://bsalsa.com/ ; .NET CLR 1.1.4322; .NET CLR 2.0.50727; .NET CLR 3.0.04506.30)"
222.62.98.44 - - [11/Jan/2009:04:03:14 +0800] "GET /ucenter/data/avatar/000/01/20/21_avatar_small.jpg HTTP/1.1" 404 923 "http://www.seowhy.com/bbs/forum-43-1.html" "Mozilla/4.0 (compatible; MSIE 7.0; Windows NT 5.1; Mozilla/4.0(Compatible Mozilla/4.0(Compatible-EmbeddedWB 14.58 http://bsalsa.com/ EmbeddedWB- 14.58 from: http://bsalsa.com/ ; Mozilla/4.0(Compatible RogueCleanerEmbeddedWB- 14.58 from: http://bsalsa.com/ ; .NET CLR 1.1.4322; .NET CLR 2.0.50727; .NET CLR 3.0.04506.30)"
222.62.98.44 - - [11/Jan/2009:04:03:14 +0800] "GET /bbs/pm.php?checknewpm=0.6750680397460516&inajax=1&ajaxtarget=pmnotice HTTP/1.1" 200 67 "http://www.seowhy.com/bbs/forum-43-1.html" "Mozilla/4.0 (compatible; MSIE 7.0; Windows NT 5.1; Mozilla/4.0(Compatible Mozilla/4.0(Compatible-EmbeddedWB 14.58 http://bsalsa.com/ EmbeddedWB- 14.58 from: http://bsalsa.com/ ; Mozilla/4.0(Compatible RogueCleanerEmbeddedWB- 14.58 from: http://bsalsa.com/ ; .NET CLR 1.1.4322; .NET CLR 2.0.50727; .NET CLR 3.0.04506.30)"
222.62.98.44 - - [11/Jan/2009:04:03:18 +0800] "GET /bbs/thread-16607-1-1.html HTTP/1.1" 200 16091 "http://www.seowhy.com/bbs/forum-43-1.html" "Mozilla/4.0 (compatible; MSIE 7.0; Windows NT 5.1; Mozilla/4.0(Compatible Mozilla/4.0(Compatible-EmbeddedWB 14.58 http://bsalsa.com/ EmbeddedWB- 14.58 from: http://bsalsa.com/ ; Mozilla/4.0(Compatible RogueCleanerEmbeddedWB- 14.58 from: http://bsalsa.com/ ; .NET CLR 1.1.4322; .NET CLR 2.0.50727; .NET CLR 3.0.04506.30)"
222.62.98.44 - - [11/Jan/2009:04:03:18 +0800] "GET /bbs/forumdata/cache/style_2_viewthread.css HTTP/1.1" 200 7720 "http://www.seowhy.com/bbs/thread-16607-1-1.html" "Mozilla/4.0 (compatible; MSIE 7.0; Windows NT 5.1; Mozilla/4.0(Compatible Mozilla/4.0(Compatible-EmbeddedWB 14.58 http://bsalsa.com/ EmbeddedWB- 14.58 from: http://bsalsa.com/ ; Mozilla/4.0(Compatible RogueCleanerEmbeddedWB- 14.58 from: http://bsalsa.com/ ; .NET CLR 1.1.4322; .NET CLR 2.0.50727; .NET CLR 3.0.04506.30)"
222.62.98.44 - - [11/Jan/2009:04:03:18 +0800] "GET /bbs/forumdata/cache/style_2_common.css HTTP/1.1" 304 - "http://www.seowhy.com/bbs/thread-16607-1-1.html" "Mozilla/4.0 (compatible; MSIE 7.0; Windows NT 5.1; Mozilla/4.0(Compatible Mozilla/4.0(Compatible-EmbeddedWB 14.58 http://bsalsa.com/ EmbeddedWB- 14.58 from: http://bsalsa.com/ ; Mozilla/4.0(Compatible RogueCleanerEmbeddedWB- 14.58 from: http://bsalsa.com/ ; .NET CLR 1.1.4322; .NET CLR 2.0.50727; .NET CLR 3.0.04506.30)"
222.62.98.44 - - [11/Jan/2009:04:03:18 +0800] "GET /bbs/include/javascript/common.js HTTP/1.1" 304 - "http://www.seowhy.com/bbs/thread-16607-1-1.html" "Mozilla/4.0 (compatible; MSIE 7.0; Windows NT 5.1; Mozilla/4.0(Compatible Mozilla/4.0(Compatible-EmbeddedWB 14.58 http://bsalsa.com/ EmbeddedWB- 14.58 from: http://bsalsa.com/ ; Mozilla/4.0(Compatible RogueCleanerEmbeddedWB- 14.58 from: http://bsalsa.com/ ; .NET CLR 1.1.4322; .NET CLR 2.0.50727; .NET CLR 3.0.04506.30)"
61.135.168.22 - - [11/Jan/2009:04:03:18 +0800] "GET /bbs/thread-6952-1-1.html HTTP/1.1" 200 8596 "-" "Baiduspider+(+http://www.baidu.com/search/spider.htm)"
222.62.98.44 - - [11/Jan/2009:04:03:19 +0800] "GET /bbs/images/Beijing2008/logo.gif HTTP/1.1" 304 - "http://www.seowhy.com/bbs/thread-16607-1-1.html" "Mozilla/4.0 (compatible; MSIE 7.0; Windows NT 5.1; Mozilla/4.0(Compatible Mozilla/4.0(Compatible-EmbeddedWB 14.58 http://bsalsa.com/ EmbeddedWB- 14.58 from: http://bsalsa.com/ ; Mozilla/4.0(Compatible RogueCleanerEmbeddedWB- 14.58 from: http://bsalsa.com/ ; .NET CLR 1.1.4322; .NET CLR 2.0.50727; .NET CLR 3.0.04506.30)"
202.160.180.191 - - [12/Jan/2009:00:00:00 +0800] "GET /bbs/rss.php?fid=5&auth=0 HTTP/1.0" 200 600 "-" "Mozilla/5.0 (compatible; Yahoo! Slurp China; http://misc.yahoo.com.cn/help.html)"